n divisor of 56 and y?
28
Let m(v) = 2*v**3 - 4*v**2 + 5*v - 3. Let f be m(3). Let r = 815 - 821. Let t be (-12)/(6/18*r). Calculate the greatest common factor of t and f.
6
Suppose -559*f = -520*f - 1989. Calculate the highest common divisor of f and 9.
3
Suppose 5*o - 4*g = 1291, 35*g - 522 = -2*o + 31*g. Calculate the greatest common factor of o and 441.
7
Suppose o - 89 = 2*h, 2*h - 469 = 5*o - 10*o. Let p = -112 - -763. What is the greatest common factor of p and o?
93
Let w be ((-912)/176 + 6/33)*-1 + 5156. What is the greatest common divisor of w and 104?
13
Suppose 2*a + 11 = 35. Let r = a - 12. Suppose r = -9*t + 5*t + 84. What is the greatest common factor of 21 and t?
21
Let u(p) = -p**2 + 26*p - 60. Let d be u(23). Let n = 206 - 143. Calculate the greatest common factor of n and d.
9
Let v(h) = -h**2 - 14*h - 17. Let d be 252/(-60) - 4/(-20). Let k be v(d). Suppose 537 = 2*x + 123. What is the greatest common factor of x and k?
23
Suppose 225 = -101*m + 102*m. Let y be (-1 - -2)*-50*2/(-4). What is the highest common factor of y and m?
25
Let x be 18/10*50/30. Suppose b - 3*w - 298 = 0, x*b - 908 = -2*w + 4*w. Calculate the greatest common divisor of 114 and b.
38
Let t = -9057 - -9687. Calculate the highest common divisor of t and 1827.
63
Suppose 209*p - 92*p - 6807 = -137*p + 2337. Let s be (8/6)/((-2)/(-486)). Calculate the greatest common divisor of p and s.
36
Let k be 612/48 + -12 + 818/8. Let t = -94 + k. What is the greatest common factor of t and 12?
3
Suppose -100 + 108 = 4*k, 5*k = 4*y - 370. Calculate the greatest common factor of y and 4655.
95
Let j(m) = 69*m**2 - 1. Let a be j(-2). Let n = 1128 - a. Suppose 5*p - 2*c = n, 517 = 3*p + 3*c + c. Calculate the highest common divisor of 19 and p.
19
Let d = 1758 - 1118. Calculate the highest common divisor of d and 5.
5
Suppose 4*c = f - 10, -2*c = -3*f - 8 - 2. Let l = 3 - f. Suppose 0 = 5*d + 44 - 224. What is the highest common factor of l and d?
9
Let t be 0 + 1/(3/(-2)) - 114400/(-528). What is the highest common divisor of 120 and t?
24
Suppose -12*c = 5*f - 11*c + 255, 5*f + 275 = -5*c. Let p be -6*1/4 + f/(-4). What is the greatest common divisor of 44 and p?
11
Let w(u) = 9*u**2 + 39*u - 10. Let z be w(-6). Suppose -k + z = 4*n, -5*n + 54 = -3*n - 3*k. What is the highest common factor of n and 378?
21
Let j be (-2)/(8/(-532) + 0). Suppose 2*z = 4*q + 5*z - 73, -q = -3*z - 22. Calculate the highest common factor of j and q.
19
Let q = -32 + -13. Let l be (-2 + 2/(-2))/(q/60). Let t(w) = w**2 - 2*w - 7. Let u be t(5). What is the highest common divisor of l and u?
4
Let f(o) = 496*o + 1496. Let n be f(-3). Let y be (-3 - (0 - 4))*108. Calculate the greatest common divisor of y and n.
4
Let q(w) = w**2 + 95*w + 1484. Let z be q(-19). What is the highest common factor of 215 and z?
5
Let g(d) = d**3 - 45*d**2 + 332*d - 24. Let m be g(37). What is the highest common divisor of m and 30?
6
Suppose -3*q + 3*n - 7*n + 624 = 0, -q + 5*n = -246. Calculate the highest common factor of q and 342.
18
Let x = -1795 - -1805. Let y be (2 + -2)/(-1 - 0). Suppose 9*h - x*h + 23 = y. Calculate the greatest common factor of 161 and h.
23
Suppose 29*g - 210 = 24*g + 5*s, 0 = -4*g - 5*s + 213. Suppose -2*j + 46 = -3*a + 7*a, -5*a + j + g = 0. Calculate the greatest common factor of a and 30.
10
Suppose 5*c + 112 - 127 = 140. Let q be (4 + 6)*(-1 - -75). Suppose -4*i - q = -3*y - 0*y, -i + 745 = 3*y. What is the highest common divisor of y and c?
31
Let g be 1*(-2)/(-4)*-9*-82. Calculate the highest common divisor of g and 533.
41
Let i(b) = -17*b - 44. Let d be i(-22). Let a = 343 - d. Calculate the highest common factor of a and 65.
13
Let c = -499 + 517. Suppose -3*j + 494 = -1072. Calculate the greatest common factor of c and j.
18
Suppose b - 6 = 1. Suppose 0 = -20*w + b*w + 273. Calculate the greatest common factor of 189 and w.
21
Let u be -4*(-2)/(-16)*86. Let q = u + 54. What is the greatest common factor of q and 77?
11
Suppose 4*h - 4*y - 460 = 0, 0 = -5*y + 12 - 7. What is the greatest common divisor of 4 and h?
4
Suppose 1331 = 11*g - 55. What is the highest common factor of g and 288?
18
Let t = 507 + -507. Suppose 0 = -p + 6*p + s - 63, t = -p + 5*s - 3. What is the highest common factor of 42 and p?
6
Suppose -2953 = -3*m + 4*w, -9*w + 1970 = 2*m - 11*w. What is the greatest common divisor of m and 168?
21
Suppose 0 = 4*k + 3*n - 0*n - 383, -4*n = 3*k - 296. Let s = 103 - 57. Calculate the greatest common factor of k and s.
46
Let t = 5690 + -2778. Calculate the greatest common factor of t and 8.
8
Suppose -129*k = -91*k - 1862. What is the greatest common divisor of 378 and k?
7
Suppose 0 = -85*k + 98*k - 39. Suppose -328 = -4*z - 2*l, k*z + z - 356 = 5*l. What is the highest common divisor of z and 204?
12
Let h(n) be the first derivative of 265*n**3/3 - n**2 + 3*n - 3. Let j be h(1). What is the greatest common divisor of 38 and j?
38
Suppose -69*g + 18910 = 53*g. Calculate the highest common divisor of g and 3.
1
Let g(s) = 5*s**2 - 250*s - 1936. Let c be g(-8). Let f(m) = 11*m + 4. Let q be f(4). What is the highest common divisor of c and q?
48
Let q(u) be the third derivative of -19*u**4/8 - 37*u**3/3 + 139*u**2. Let h be q(-2). Calculate the greatest common divisor of h and 180.
20
Suppose 0 = -21*d + 23*d - 4*n - 66, 5*n = -2*d + 75. What is the greatest common divisor of 115 and d?
5
Let z(j) = 6*j - 94. Let i be z(17). Suppose 798 = 3*l - 5*g, 3*g = i*g. Calculate the greatest common divisor of l and 38.
38
Suppose -4*r + h = -r - 1320, r + 2*h - 447 = 0. Let i = r - -21. Suppose -2*o + i = 4*o. Calculate the greatest common divisor of 11 and o.
11
Let y be 8/((65/4485)/(5/15)). Suppose -5*u + 753 = 63. What is the greatest common divisor of u and y?
46
Suppose 142*y - 8568 = 100*y. What is the highest common divisor of 68 and y?
68
Let p be (9/(-15))/(2/30*-3). Suppose 4*k + p*q = 179, 5*k - 2*k + 2*q = 133. What is the highest common divisor of k and 287?
41
Suppose 158 = -4*h - 0*h - 2*b, 1 = b. Let j = 259 + h. Suppose -14 = 5*a - j. Calculate the highest common factor of a and 205.
41
Let z(i) = 14*i**2 + 7 + 7*i**2 + 5*i - 11*i**2 + 12*i**2. Let h be z(-1). Suppose -3*p = p - 72. What is the highest common divisor of p and h?
6
Suppose 131*o - n = 128*o + 16554, 0 = -5*o + 13*n + 27590. What is the highest common divisor of 124 and o?
62
Suppose -4*o + 2*p = -26, 0 = -3*o - 3*p + 7*p + 27. Suppose 0*g - o*g - 2*z + 5 = 0, -3*g - 6 = 3*z. Calculate the greatest common factor of 3 and g.
3
Let i be (12/(-14))/((-2)/28). Suppose 874 = 3*o - q, 4*o + 3*q - 858 = o. Let d = 320 - o. Calculate the highest common factor of d and i.
6
Let g(f) = 2*f**2 + 115*f - 3804. Let u be g(-81). What is the highest common divisor of u and 727?
1
Suppose 2*h = 2*a - 6604, -3294 = -a - 24*h + 29*h. What is the greatest common divisor of a and 504?
56
Let s be (-51)/(-85) + (-544)/(-10). Let b = 9 + s. Let m(x) = -x + 23. Let u be m(15). What is the greatest common factor of b and u?
8
Let j = 24518 - 24414. Calculate the greatest common divisor of 8684 and j.
52
Let h = -8722 - -9112. Calculate the greatest common factor of h and 2010.
30
Let p(r) = 53*r**2 + 335*r + 665. Let t be p(-2). Calculate the highest common divisor of t and 81.
9
Let p be (-11 + 11)*-2*(-3)/(-18). Let f be (2/(-6))/((-8)/216 - p). Calculate the highest common divisor of f and 15.
3
Suppose 0 = -0*m + 5*m + 2730. Let u be 3/(m/184 + 3). Suppose 0 = -8*r + 828 - u. Calculate the greatest common divisor of 23 and r.
23
Let s be (2 + -18)*(5250/(-8))/5. Suppose 14*l = -6*l + s. What is the highest common factor of 3 and l?
3
Let l = 85 + -46. Let g = -8 + l. Let y = -10 + g. What is the greatest common divisor of 189 and y?
21
Let w(b) = 14*b**3 - b + 1. Let f be w(1). Let y be -2 + (-201)/(-12) - (-33)/(-44). What is the greatest common divisor of y and f?
14
Suppose 49 - 145 = -4*j. Calculate the greatest common divisor of j and 174.
6
Let f = -24 - -84. Let h = 250 - 75. Let r = -163 + h. What is the highest common factor of f and r?
12
Let y(o) = 104*o**2 - 203*o**2 + 98*o**2 - 3*o + 5 + 1 + 3. Suppose 0 = -5*j + 3*j - 8. Let i be y(j). What is the highest common divisor of i and 10?
5
Let q